64, 0 = -5*v + 4*h + 1321. Let m = v - 180. Calculate the remainder when m is divided by 22.
19
Let w(m) = 2*m**2 + 20*m - 9. What is the remainder when 73 is divided by w(-12)?
34
Calculate the remainder when 638 is divided by 1480/92 - (-6)/(-69).
14
Let v(x) = -4*x + 4 + 0 + 2 - 2. Calculate the remainder when 55 is divided by v(-6).
27
Let k(t) be the second derivative of -1/2*t**2 - 2/3*t**4 + 1/20*t**5 - 8*t - 1/3*t**3 + 0. Calculate the remainder when k(9) is divided by 16.
14
Suppose 441 = 11*o - 120. Suppose -3*j = -6*j + o. What is the remainder when j is divided by 9?
8
Let v(h) = 3*h + 2. What is the remainder when 4*(-2)/(-60) - 19075/(-375) is divided by v(4)?
9
Let x(a) = -9*a. What is the remainder when x(-6) is divided by ((-10)/(-15))/(-2) + (-215)/(-15)?
12
Suppose -l + 2*x = -30, 0*l + l + 3*x - 35 = 0. Calculate the remainder when (1/(2/(-6)))/(-3) + 92 is divided by l.
29
Let x(i) be the third derivative of 1/4*i**4 - 1/6*i**3 - 3*i**2 + 0 + 0*i. Calculate the remainder when 32 is divided by x(2).
10
Suppose -43*z = -27*z - 704. Calculate the remainder when 78 is divided by z.
34
Let g = 8 + -4. Suppose 4*j = -t + 25, -4*t = -4*j - 6*t + 26. Suppose 5*s = g + j. What is the remainder when s is divided by 1?
0
Let n be (8/(-5))/((-1305)/325 + 4). Suppose -8*c = -4*c - n. Calculate the remainder when c is divided by 10.
6
Let g(c) = 4*c - 20. Let h(p) = -1. Let d(t) = g(t) - 2*h(t). Calculate the remainder when 37 is divided by d(8).
9
Suppose 5*u - 12 = 3. Suppose -199 = -4*p + s, 2*p + 73 = -u*s + 176. Calculate the remainder when p is divided by 17.
16
Suppose -12*i = -15*i + 36. Let l = i - -42. Suppose -3*h - 2*h + 55 = 0. What is the remainder when l is divided by h?
10
Let z = 19 + -8. Suppose -z + 0 = h. Let a = h - -22. Calculate the remainder when 21 is divided by a.
10
Suppose -4*y - 4*h = 136, -4*y - y - 163 = -2*h. Suppose -6*j - 295 = 53. Let b = y - j. What is the remainder when b is divided by 7?
4
Suppose 0 = 3*o + 3, 0 = 5*t - 4*o - 2 - 2. Suppose t*n + 2*n = 126. Calculate the remainder when n is divided by 11.
8
Let i(a) = a**3 - a**2 - 2*a + 1. Suppose h + 4 = 0, 6*j + 2*h = 2*j + 40. Suppose 0 = 4*x - 0 - j. Calculate the remainder when x is divided by i(2).
0
Let n = -32 + 109. What is the remainder when n is divided by 9?
5
Suppose 5*m - 3*z - 622 = 0, 7*z - 2*z = 3*m - 386. Suppose i + i = m. Suppose 3*h - 69 + 6 = 0. What is the remainder when i is divided by h?
19
Let y be (-2)/(3 - 7)*32. Suppose 0 = 5*i - y - 9. Suppose -j + i*j - 10 = 2*m, 13 = 4*j + m. What is the remainder when j is divided by 1?
0
Let g = 610 - 579. Suppose -4*z + 56 = 3*m, -5*z + 34 = -2*m - 13. Calculate the remainder when g is divided by z.
9
Let o be (-2 + 3)*-2 + -24. Let u = 45 + o. Suppose y - 60 = -l + 3*l, 0 = -4*y - 3*l + 218. Calculate the remainder when y is divided by u.
18
Let d(t) = -t**3 - 6*t**2 - 9*t - 9. Calculate the remainder when 51 is divided by d(-5).
7
Let h(b) be the first derivative of b**4/2 + 2*b**3/3 - b**2 + b - 3. Calculate the remainder when 4 is divided by h(1).
1
Let y = -11 - -13. Let d be y + 3 + -3 - -3. Suppose -4*o - 7 = -d*o. What is the remainder when o is divided by 5?
2
Suppose 8*q = 3*q + 160. Suppose 6 = j - 6. Calculate the remainder when 1/2 - (-738)/j is divided by q.
30
Let q be 2/3 + 7/3. Let c = -392 - -497. Suppose -q*v = -6*v + c. What is the remainder when v is divided by 9?
8
Let w(t) = t + 3. Let l be w(2). Suppose -l + 71 = 2*q. Calculate the remainder when 228 is divided by q.
30
Let d be (-1)/1 + 2 - 1. Suppose -4*m + m + 18 = d. Calculate the remainder when (0 + -2)*(-63)/m is divided by 6.
3
Let r = 162 - 82. Suppose -r = -7*i + 2*i. What is the remainder when 63 is divided by i?
15
Suppose -2*n + 26 = 3*h - 68, 4*n = -5*h + 156. Calculate the remainder when h is divided by 11.
10
Suppose -3*j - 32 = -56. Calculate the remainder when 69 is divided by j.
5
Suppose 3*f + 84 = -f. Let h = -12 - f. Calculate the remainder when 17 is divided by h.
8
Suppose -31*c = -21*c - 380. Let f(l) = -3*l - 2. Calculate the remainder when c is divided by f(-5).
12
Let q(h) = 7*h**3 - 2*h**2 - h + 1. Calculate the remainder when q(2) is divided by (-42)/(-4) - (6 - 35/10).
7
Suppose 0*h - 2*h + 279 = 3*n, -5*n + 5*h + 440 = 0. Suppose 62*y = 65*y - 69. Calculate the remainder when n is divided by y.
22
Let a(i) = i**2 - 61*i - 44. What is the remainder when 90 is divided by a(62)?
0
Let g = -11 - -18. Let l = -42 - -42. Suppose -3*d + 5*q = -43, -d + 2*q + l*q + 15 = 0. What is the remainder when d is divided by g?
4
Suppose -67*h - 204 = -84*h. Calculate the remainder when 201 is divided by h.
9
Let o(z) be the first derivative of z**2/2 + 19*z - 7. What is the remainder when o(12) is divided by 7?
3
Let g(m) = 6*m**2 + 12*m - 2. Calculate the remainder when (-180)/(-35)*84/18 is divided by g(-3).
8
Let w(j) = -3 + 4*j + 3 + 3*j**2 + 5 - 3. Let s(z) = 2*z + 8. Let t be s(-6). Calculate the remainder when w(t) is divided by 18.
16
What is the remainder when 111 is divided by (-5)/10*(-4 - 34)?
16
Let l(h) = 47*h + 10. Let n be l(4). Calculate the remainder when 59 is divided by ((-2)/6)/((-6)/n) - 1.
9
Suppose o + 9 = 5*x - 8, 2*x = 3*o - 14. Suppose o*q - 5 = 3*q. What is the remainder when 42 is divided by 15 - 0/(q + 0)?
12
Suppose 7*p - 2*p + 110 = 0. Let z = -16 - p. Let j(m) = -m**3 - 3*m**2 + 3*m + 6. Calculate the remainder when j(-4) is divided by z.
4
Calculate the remainder when ((-104)/(-6))/((-52)/(-117)) is divided by 6/27*33*3.
17
Let r = -3 - -5. Calculate the remainder when 39/26 - 18/(-4) is divided by r.
0
Suppose -65*i = -51*i - 1288. Calculate the remainder when 165 is divided by i.
73
Let k be 0 - 2/1 - 16. Let j = 26 - k. What is the remainder when j is divided by 24?
20
Let g(b) = -2*b + 13. Let r be g(5). Suppose i - 62 = -0*i + 3*p, 9 = -r*p. Calculate the remainder when i is divided by 9.
8
Let k(p) = -2*p**3 - 3*p**2 - p + 1. Suppose -40*x = -35*x + 15. What is the remainder when 59 is divided by k(x)?
28
Let k(c) = -2*c + 7. Let a(y) = y - 1. Let n(r) = a(r) - k(r). Suppose -2 - 10 = -3*j. Calculate the remainder when n(7) is divided by j.
1
Suppose -4*p + 21 = 5. Suppose 0 = -p*f + 11 + 45. Suppose 166 = 4*c - 5*o, -c + 26 = -4*o - 21. What is the remainder when c is divided by f?
11
Let a be 1 + -1 - -1 - 1. Suppose 3*h - 39 = l, h - 13 = -a*l - 3*l. Calculate the remainder when h is divided by ((0 - 1) + 1)*-1 - -8.
5
Let s(v) = -3*v**2 + 100*v + 60. What is the remainder when 647 is divided by s(33)?
89
Let y(w) be the first derivative of -w**4/4 + 8*w**3/3 + 9*w**2 + 22*w + 6. What is the remainder when y(9) is divided by 15?
13
Let a be 19/(1045/450) - (-2)/(-11). Calculate the remainder when 4 is divided by a/3 - 5/(-15).
1
Let i(m) = -m**2 + 5*m - 2. Let r be i(4). Let b(c) = -27*c**2 + 26*c**2 + c - r*c**3 + 1 + 2*c. Calculate the remainder when b(-2) is divided by 2.
1
Calculate the remainder when (45/10)/9*(160 + -2) is divided by 36.
7
Let b(l) = -3*l**2 + 11*l**2 + 5*l + 10*l**2 + 2. What is the remainder when b(-3) is divided by (1 + 18)/(16*(-7)/(-224))?
35
Suppose -2793 - 2639 = -4*q. Calculate the remainder when q is divided by 34.
32
Suppose 4212 = 15*g - 11*g. Suppose -3*h = 3*o - 615, 2*h + 3*h - 2*o = g. What is the remainder when h is divided by 42?
41
Suppose -4 = -2*k, 4*z - z - 10 = -2*k. Calculate the remainder when 27 is divided by z.
1
Let i(k) = -10*k**3 + 2*k**2 - 13. Let j be i(-3). Suppose 5*f + 2*s - j = 0, 78 = 3*f - s - 98. Calculate the remainder when 282 is divided by f.
54
Let g(p) = -13*p + 7. Calculate the remainder when g(-9) is divided by 21.
19
Let m = -198 - -249. Suppose 5*t - 5*p - 104 = -14, -4*t + 72 = -p. What is the remainder when m is divided by t?
15
Suppose r + 3*r + 4*y = -16, -r = 5*y + 8. Let l(q) = -q**3 + 4*q + 1. Suppose -4*j - 5 = -c + 13, j = c - 9. What is the remainder when l(r) is divided by c?
4
Let n(r) be the first derivative of r**3/3 - r + 2. What is the remainder when 22 + (1 - -1) + -1 is divided by n(-3)?
7
Let z(f) = 29*f**2 + 41*f - 3. Calculate the remainder when 133 is divided by z(1).
66
Suppose 0*w - h = -2*w + 161, 5*h - 395 = -5*w. Let l = w - 74. What is the remainder 